51, 23*c - 60 = 22*c + 4*x. Let l be 8*(-1)/(1/(-1)). Calculate the highest common divisor of c and l.
8
Suppose -475 = -15*f + 200. What is the highest common divisor of 15 and f?
15
Suppose 0 = 7*x - 10 - 18. Let i(t) = -t**3 - 13*t**2 - 14*t - 14. Let m be 6/18 - (-74)/(-6). Let l be i(m). Calculate the highest common divisor of l and x.
2
Let z(q) = q**2 + 3*q. Let d be z(8). Let s be (-2)/4 - 42/(-12). Suppose s*o + 30 = 96. What is the highest common divisor of d and o?
22
Suppose -5*n - 27 = -2*n + q, -14 = 2*n + 2*q. Let w be (-4)/(8/n)*1. Suppose 0 = w*j - 25 + 5. What is the greatest common divisor of 32 and j?
4
Let j be (40/8 - 5) + 2*3. Calculate the greatest common factor of 699 and j.
3
Let g be (-3)/(2/(-6 + -2)). Let n be ((-80)/g)/((-1)/(-3)). Let w be n/30 - 148/(-6). What is the greatest common divisor of 3 and w?
3
Let x(y) = 2*y**2 - 2. Let a be x(2). Suppose -a*v + 14 = -22. Suppose 18 = 4*n - n. Calculate the highest common factor of n and v.
6
Let t be (12/7)/(3/21). Suppose -15*m = -t*m - 285. What is the highest common factor of m and 19?
19
Let n = 116 - 82. Let s = n - 2. What is the highest common divisor of 56 and s?
8
Let w(i) = 10*i**2 - 2*i + 4. Let z be w(2). Let f = 1128 + -1098. What is the greatest common factor of f and z?
10
Suppose 6 + 9 = r. Let a = 0 + 15. What is the greatest common divisor of r and a?
15
Let f(h) = h**3 - 6*h**2 + 2*h + 145. Let m be f(0). Calculate the greatest common factor of 5 and m.
5
Suppose w + 27*w - 1176 = 0. Calculate the greatest common factor of 12 and w.
6
Suppose -14*f = -16*f. Suppose f = c + 2*d - 13 - 5, c - 18 = -5*d. What is the highest common factor of c and 198?
18
Suppose 0 = 3*l - 58 - 5. Suppose 4*t = 27 + l. Let n(j) = -29*j**3 - j. Let d be n(-1). What is the highest common divisor of t and d?
6
Suppose -i + 3*i = 3*n - 23, -i - 36 = -5*n. What is the greatest common divisor of 161 and n?
7
Suppose 3*u - 254 = 5*j, -3*u = j + 36 - 284. Suppose 5*n - 4 = 16. Suppose -n*l + u = 19. What is the highest common divisor of 8 and l?
8
Suppose b - 14 + 3 = y, 47 = 4*b - 5*y. Let u be 1*(-1)/4 + (-6075)/(-108). What is the greatest common divisor of b and u?
8
Suppose -62 = -2*o + 322. What is the greatest common divisor of 3 and o?
3
Suppose 4*u = 2*y - 578, -391 = -3*y - 3*u + 521. What is the greatest common factor of 13 and y?
13
Let j(x) = -2*x**3 + 22*x**2 - 44*x - 12. Let q be j(8). Let h be 6/27 + (-1618)/(-9). Calculate the highest common divisor of h and q.
20
Suppose 14*y - 6*y = 960. Suppose -y = 11*r - 13*r. Calculate the greatest common divisor of r and 24.
12
Let m = 33 + -87. Let i = -26 - m. What is the highest common divisor of 4 and i?
4
Let j = 2101 - 2068. What is the greatest common divisor of j and 704?
11
Suppose -76 = -2*y - 2*s, 9 - 15 = -3*s. Let m(u) = -u**3 - 2*u**2 + 7*u + 5. Let b be m(-4). Calculate the highest common divisor of b and y.
9
Let c(a) = -10 + a - 6 + 5. Let z be c(21). What is the highest common factor of 5 and z?
5
Suppose 83 - 89 = -2*t. Suppose 5*w - 33 + 3 = 0. What is the greatest common factor of t and w?
3
Suppose 0 = -5*v + 10, -4*a - 2*v + 5*v - 14 = 0. Let o be 1/(-2)*26 - a. Let k(z) = -3*z + 7. Let c be k(o). What is the greatest common divisor of c and 10?
10
Let t = -9 - -14. Let y be (9/15)/(1/t). Suppose 2*n = 2*z - 54, y*n + 47 = 4*z - 58. Calculate the highest common factor of 36 and z.
12
Let b(s) = -s**2 + 8*s + 7. Let a be b(9). Let c be 1/(-13)*a - (-3960)/117. What is the greatest common factor of c and 17?
17
Let c be 2/2 - (5 - (7 - 3)). Suppose -3*n + 4 + 20 = c. Calculate the highest common divisor of 64 and n.
8
Let x(m) = -m**2 - 9*m - 6. Suppose 2*t = -1 + 7. Suppose -u + t*r - 4*r = 3, -r = -3. Let q be x(u). What is the greatest common factor of q and 30?
6
Suppose -2*m = 6, -3*d + 76 - 34 = -m. Calculate the greatest common factor of 1339 and d.
13
Suppose 5*n + 3*v - 1117 = 0, -8 = v - 7. Suppose 7*o - 140 = 2*o. What is the greatest common factor of n and o?
28
Suppose 3*n + 36 = 3*q, q + 5*n + 10 = 22. Let z = 190 + -130. What is the highest common divisor of q and z?
12
Suppose -4*j + 16 = 4*b, -j = 2*b - 6 - 2. Suppose -3*w - 2*s = w - 134, j = -5*s + 5. What is the greatest common divisor of w and 22?
11
Let t = -192 - -232. Calculate the greatest common divisor of t and 30.
10
Suppose 5*w = -27 + 137. Let d(m) = -10*m + 1. Let o be 1 - (2 + (3 - 3)). Let i be d(o). Calculate the greatest common divisor of i and w.
11
Let l(g) = g + 18. Let w be l(-7). Suppose -186 = -2*s + 5*s. Let f = s + 150. What is the highest common factor of w and f?
11
Suppose -4*l - 137 = -5*w, 4*w - 213 = -3*l - 122. What is the greatest common divisor of 15 and w?
5
Suppose 0 = 2*h - 4*q - 34, -2*h - 5*q + 12 = -4. Calculate the highest common divisor of h and 637.
13
Let k = 35 - 107. Let a be 5/(-3)*k/8. Calculate the greatest common factor of 6 and a.
3
Suppose 3*a = 5*a - 4. Suppose 0*h - 2*h - 20 = b, 38 = -a*b - 2*h. Let o be (-15)/25 - b/5. Calculate the highest common factor of 33 and o.
3
Suppose -33*o + 5952 - 1497 = 0. What is the greatest common divisor of o and 486?
27
Suppose 5*o - 80 = -4*h, 1 + 16 = o + h. Let v be 1/(((-7)/o)/(-7)). Let x = 34 - v. Calculate the greatest common factor of x and 33.
11
Suppose 0*o = 2*o - 8. Suppose 4 + 4 = -o*h. Let a be -1 - (h - 23 - -3). Calculate the greatest common divisor of a and 14.
7
Let s(h) = 19*h**2 - 8*h. Let l be s(2). What is the greatest common factor of l and 1140?
60
Suppose 13 - 43 = -6*z. Suppose 3*f + f + 6 = z*i, -i = 2*f - 4. What is the greatest common divisor of f and 1?
1
Suppose -3*g + 5*k - 55 = -8*g, k + 21 = g. Let i be (-24)/(-13) - 12/(-78). What is the greatest common factor of i and g?
2
Suppose p + 72 = -0*p. Let v be p*(48/(-9))/4. What is the highest common factor of v and 32?
32
Suppose -2*s = l - 213, -5*l - 14*s + 1025 = -12*s. Calculate the highest common divisor of l and 58.
29
Suppose 2*s = -3*r + 4*r + 13, r = -4*s + 41. What is the greatest common divisor of s and 63?
9
Let t be -1 - 3/((-6)/28). Calculate the greatest common factor of 195 and t.
13
Suppose -a + 275 = -101. Suppose -3*c + v = -562, -2*c + 0*c = -2*v - a. Calculate the highest common divisor of 17 and c.
17
Let o = -29 - -33. Suppose -2*f + 5*q = -77, 4*f + o*q = 3*f + 19. Calculate the highest common divisor of f and 217.
31
Let m(x) = 10 + 123*x - x**2 - 123*x. Let k be m(0). Let q(t) = -t**3 - 16*t**2 + 15*t + 6. Let y be q(-17). Calculate the highest common factor of k and y.
10
Suppose q - 234 = -q. Let p = 5 + -1. Suppose p*o + f = 49, -4*o + 5*f + 54 = -o. What is the greatest common factor of o and q?
13
Let x = 65 - 11. Let n = 620 - 608. Calculate the highest common divisor of x and n.
6
Suppose -v = 88 - 99. Let u(f) = -5*f + 70. Let i be u(v). Calculate the greatest common factor of i and 20.
5
Suppose 8*m - 4*m - 1864 = 0. Let k = 698 - m. Calculate the greatest common divisor of k and 29.
29
Suppose -3*v + 71 = 11. Let z be (0 + v)*84/48. Calculate the highest common factor of 35 and z.
35
Let w = 182 - 116. Let g be (-6)/(-2)*(20 + 13). Calculate the greatest common divisor of g and w.
33
Let l(s) = 69*s - 26. Let h be l(20). Suppose h = 9*z - 914. What is the greatest common factor of z and 28?
28
Let f be 0 + 0 + 172 - (-15)/5. Let v(p) = -6*p - 5. Let s be v(-5). What is the highest common factor of f and s?
25
Suppose 0 = t - 4*t, 2*y + 5*t + 14 = 0. Let g be 1/(2 - y/(-4)). Suppose 4*s + 8 = -g*o, 7 = -5*o - 8. What is the greatest common factor of s and 7?
1
Suppose 0*f = -4*f + 432. Let i(c) = c**2 - 4*c + 4. Let z be i(2). Suppose -3*b - 28 + 109 = z. What is the greatest common factor of f and b?
27
Suppose -u - 2*r = 2*u - 119, 5*u - 2*r - 193 = 0. Let o be 130/15*(21 - 3). What is the greatest common factor of o and u?
39
Let r = 775 + -610. What is the highest common divisor of r and 22?
11
Let w(z) = 7*z + 384. Let f be w(0). Calculate the highest common factor of 48 and f.
48
Let v be (-352)/(-6)*27/12. Let x(l) = l. Let p be x(6). Let d be 16 + (-1 - p/2). What is the highest common factor of d and v?
12
Suppose -7*y + 4*y = 3*j - 27, -7 = -j - 2*y. Suppose -484 = -2*k - 2*k. What is the greatest common factor o